{"id":147,"date":"2024-05-15T08:07:23","date_gmt":"2024-05-15T08:07:23","guid":{"rendered":"https:\/\/panandcoffeeusa.com\/?page_id=147"},"modified":"2024-05-15T19:20:33","modified_gmt":"2024-05-15T19:20:33","slug":"bakery_menu","status":"publish","type":"page","link":"https:\/\/panandcoffeeusa.com\/index.php\/bakery_menu\/","title":{"rendered":"bakery_menu"},"content":{"rendered":"\n<div class=\"wp-block-group alignfull has-transparent-background-color has-background has-global-padding is-layout-constrained wp-block-group-is-layout-constrained\" style=\"margin-top:0px;margin-bottom:0px;padding-top:var(--wp--preset--spacing--xx-large);padding-bottom:var(--wp--preset--spacing--xx-large)\">\n<div class=\"wp-block-group alignwide is-layout-flow wp-block-group-is-layout-flow\" style=\"padding-bottom:var(--wp--preset--spacing--medium)\">\n<div class=\"wp-block-columns are-vertically-aligned-bottom is-layout-flex wp-container-core-columns-is-layout-1 wp-block-columns-is-layout-flex\">\n<div class=\"wp-block-column is-vertically-aligned-bottom has-background-background-color has-background is-layout-flow wp-block-column-is-layout-flow\">\n<h2 class=\"wp-block-heading has-text-align-center has-background-background-color has-background has-x-large-font-size\" style=\"margin-top:0.25rem\">nombre del segmento <\/h2>\n<\/div>\n<\/div>\n<\/div>\n\n\n\n<div class=\"wp-block-group alignwide is-layout-flow wp-block-group-is-layout-flow\">\n<div class=\"wp-block-columns is-layout-flex wp-container-core-columns-is-layout-2 wp-block-columns-is-layout-flex\">\n<div class=\"wp-block-column has-background-background-color has-background is-layout-flow wp-block-column-is-layout-flow\">\n<h2 class=\"wp-block-heading has-text-align-center has-medium-font-size\">Nombre plato<\/h2>\n\n\n\n<figure class=\"wp-block-image aligncenter size-full is-resized has-custom-border\"><img loading=\"lazy\" decoding=\"async\" width=\"1200\" height=\"1200\" src=\"http:\/\/panandcoffeeusa.com\/wp-content\/uploads\/2024\/05\/pngwing.com2_.png\" alt=\"\" class=\"wp-image-136\" style=\"border-radius:10px;width:368px\" srcset=\"https:\/\/panandcoffeeusa.com\/wp-content\/uploads\/2024\/05\/pngwing.com2_.png 1200w, https:\/\/panandcoffeeusa.com\/wp-content\/uploads\/2024\/05\/pngwing.com2_-300x300.png 300w, https:\/\/panandcoffeeusa.com\/wp-content\/uploads\/2024\/05\/pngwing.com2_-1024x1024.png 1024w, https:\/\/panandcoffeeusa.com\/wp-content\/uploads\/2024\/05\/pngwing.com2_-150x150.png 150w, https:\/\/panandcoffeeusa.com\/wp-content\/uploads\/2024\/05\/pngwing.com2_-768x768.png 768w\" sizes=\"(max-width: 1200px) 100vw, 1200px\" \/><\/figure>\n\n\n\n<div class=\"wp-block-group has-global-padding is-layout-constrained wp-container-core-group-is-layout-2 wp-block-group-is-layout-constrained\">\n<p class=\"has-text-align-center\" style=\"font-size:clamp(0.875rem, 0.875rem + ((1vw - 0.2rem) * 0.409), 1.1rem);\">Descripci\u00f3n <\/p>\n\n\n\n<p class=\"has-text-align-center\" style=\"font-size:clamp(0.875rem, 0.875rem + ((1vw - 0.2rem) * 0.409), 1.1rem);\">$00.00<\/p>\n<\/div>\n<\/div>\n\n\n\n<div class=\"wp-block-column has-transparent-background-color has-background is-layout-flow wp-block-column-is-layout-flow\">\n<h2 class=\"wp-block-heading has-text-align-center has-medium-font-size\">Nombre plato<\/h2>\n\n\n\n<figure class=\"wp-block-image aligncenter size-full is-resized has-custom-border\"><img loading=\"lazy\" decoding=\"async\" width=\"1200\" height=\"1200\" src=\"http:\/\/panandcoffeeusa.com\/wp-content\/uploads\/2024\/05\/pngwing.com2_-2.png\" alt=\"\" class=\"wp-image-156\" style=\"border-radius:10px;width:368px\" srcset=\"https:\/\/panandcoffeeusa.com\/wp-content\/uploads\/2024\/05\/pngwing.com2_-2.png 1200w, https:\/\/panandcoffeeusa.com\/wp-content\/uploads\/2024\/05\/pngwing.com2_-2-300x300.png 300w, https:\/\/panandcoffeeusa.com\/wp-content\/uploads\/2024\/05\/pngwing.com2_-2-1024x1024.png 1024w, https:\/\/panandcoffeeusa.com\/wp-content\/uploads\/2024\/05\/pngwing.com2_-2-150x150.png 150w, https:\/\/panandcoffeeusa.com\/wp-content\/uploads\/2024\/05\/pngwing.com2_-2-768x768.png 768w\" sizes=\"(max-width: 1200px) 100vw, 1200px\" \/><\/figure>\n\n\n\n<div class=\"wp-block-group has-global-padding is-layout-constrained wp-container-core-group-is-layout-3 wp-block-group-is-layout-constrained\">\n<p class=\"has-text-align-center has-base-font-size\">Descripci\u00f3n <\/p>\n<\/div>\n\n\n\n<p class=\"has-text-align-center\" style=\"font-size:clamp(0.875rem, 0.875rem + ((1vw - 0.2rem) * 0.409), 1.1rem);\">$00.00<\/p>\n<\/div>\n\n\n\n<div class=\"wp-block-column has-transparent-background-color has-background is-layout-flow wp-block-column-is-layout-flow\">\n<h2 class=\"wp-block-heading has-text-align-center has-medium-font-size\">Nombre plato<\/h2>\n\n\n\n<figure class=\"wp-block-image aligncenter size-full is-resized has-custom-border\"><img loading=\"lazy\" decoding=\"async\" width=\"1200\" height=\"1200\" src=\"http:\/\/panandcoffeeusa.com\/wp-content\/uploads\/2024\/05\/pngwing.com2_.png\" alt=\"\" class=\"wp-image-136\" style=\"border-radius:10px;width:368px\" srcset=\"https:\/\/panandcoffeeusa.com\/wp-content\/uploads\/2024\/05\/pngwing.com2_.png 1200w, https:\/\/panandcoffeeusa.com\/wp-content\/uploads\/2024\/05\/pngwing.com2_-300x300.png 300w, https:\/\/panandcoffeeusa.com\/wp-content\/uploads\/2024\/05\/pngwing.com2_-1024x1024.png 1024w, https:\/\/panandcoffeeusa.com\/wp-content\/uploads\/2024\/05\/pngwing.com2_-150x150.png 150w, https:\/\/panandcoffeeusa.com\/wp-content\/uploads\/2024\/05\/pngwing.com2_-768x768.png 768w\" sizes=\"(max-width: 1200px) 100vw, 1200px\" \/><\/figure>\n\n\n\n<div class=\"wp-block-group has-global-padding is-layout-constrained wp-container-core-group-is-layout-4 wp-block-group-is-layout-constrained\">\n<p class=\"has-text-align-center has-base-font-size\">Descripci\u00f3n <\/p>\n<\/div>\n\n\n\n<p class=\"has-text-align-center\" style=\"font-size:clamp(0.875rem, 0.875rem + ((1vw - 0.2rem) * 0.409), 1.1rem);\">$00.00<\/p>\n<\/div>\n<\/div>\n<\/div>\n<\/div>\n","protected":false},"excerpt":{"rendered":"<p>nombre del segmento Nombre plato Descripci\u00f3n $00.00 Nombre plato Descripci\u00f3n $00.00 Nombre plato Descripci\u00f3n $00.00<\/p>\n","protected":false},"author":1,"featured_media":0,"parent":0,"menu_order":0,"comment_status":"closed","ping_status":"closed","template":"no-title-space","meta":{"footnotes":""},"_links":{"self":[{"href":"https:\/\/panandcoffeeusa.com\/index.php\/wp-json\/wp\/v2\/pages\/147"}],"collection":[{"href":"https:\/\/panandcoffeeusa.com\/index.php\/wp-json\/wp\/v2\/pages"}],"about":[{"href":"https:\/\/panandcoffeeusa.com\/index.php\/wp-json\/wp\/v2\/types\/page"}],"author":[{"embeddable":true,"href":"https:\/\/panandcoffeeusa.com\/index.php\/wp-json\/wp\/v2\/users\/1"}],"replies":[{"embeddable":true,"href":"https:\/\/panandcoffeeusa.com\/index.php\/wp-json\/wp\/v2\/comments?post=147"}],"version-history":[{"count":2,"href":"https:\/\/panandcoffeeusa.com\/index.php\/wp-json\/wp\/v2\/pages\/147\/revisions"}],"predecessor-version":[{"id":188,"href":"https:\/\/panandcoffeeusa.com\/index.php\/wp-json\/wp\/v2\/pages\/147\/revisions\/188"}],"wp:attachment":[{"href":"https:\/\/panandcoffeeusa.com\/index.php\/wp-json\/wp\/v2\/media?parent=147"}],"curies":[{"name":"wp","href":"https:\/\/api.w.org\/{rel}","templated":true}]}}